{"id":1484,"date":"2023-11-20T11:34:26","date_gmt":"2023-11-20T10:34:26","guid":{"rendered":"https:\/\/caroline-pietralunga.fr\/?page_id=1484"},"modified":"2023-11-20T11:50:35","modified_gmt":"2023-11-20T10:50:35","slug":"coaching-ikigai","status":"publish","type":"page","link":"https:\/\/caroline-pietralunga.fr\/index.php\/coaching-ikigai\/","title":{"rendered":"Coaching Ikiga\u00ef"},"content":{"rendered":"\t\t<div data-elementor-type=\"wp-page\" data-elementor-id=\"1484\" class=\"elementor elementor-1484\">\n\t\t\t\t\t\t<div class=\"elementor-inner\">\n\t\t\t\t<div class=\"elementor-section-wrap\">\n\t\t\t\t\t\t\t\t\t<section class=\"elementor-section elementor-top-section elementor-element elementor-element-a1aacd2 elementor-section-boxed elementor-section-height-default elementor-section-height-default\" data-id=\"a1aacd2\" data-element_type=\"section\">\n\t\t\t\t\t\t<div class=\"elementor-container elementor-column-gap-default\">\n\t\t\t\t\t\t\t<div class=\"elementor-row\">\n\t\t\t\t\t<div class=\"elementor-column elementor-col-100 elementor-top-column elementor-element elementor-element-21539a8\" data-id=\"21539a8\" data-element_type=\"column\">\n\t\t\t<div class=\"elementor-column-wrap elementor-element-populated\">\n\t\t\t\t\t\t\t<div class=\"elementor-widget-wrap\">\n\t\t\t\t\t\t<div class=\"elementor-element elementor-element-90f787b elementor-widget-divider--view-line elementor-widget elementor-widget-divider\" data-id=\"90f787b\" data-element_type=\"widget\" data-widget_type=\"divider.default\">\n\t\t\t\t<div class=\"elementor-widget-container\">\n\t\t\t\t\t<div class=\"elementor-divider\">\n\t\t\t<span class=\"elementor-divider-separator\">\n\t\t\t\t\t\t<\/span>\n\t\t<\/div>\n\t\t\t\t<\/div>\n\t\t\t\t<\/div>\n\t\t\t\t<div class=\"elementor-element elementor-element-5eacb49 elementor-widget elementor-widget-heading\" data-id=\"5eacb49\" data-element_type=\"widget\" data-widget_type=\"heading.default\">\n\t\t\t\t<div class=\"elementor-widget-container\">\n\t\t\t<h2 class=\"elementor-heading-title elementor-size-default\">Coaching Ikiga\u00ef<\/h2>\t\t<\/div>\n\t\t\t\t<\/div>\n\t\t\t\t\t\t<\/div>\n\t\t\t\t\t<\/div>\n\t\t<\/div>\n\t\t\t\t\t\t\t\t<\/div>\n\t\t\t\t\t<\/div>\n\t\t<\/section>\n\t\t\t\t<section class=\"elementor-section elementor-top-section elementor-element elementor-element-26cede4 elementor-section-boxed elementor-section-height-default elementor-section-height-default\" data-id=\"26cede4\" data-element_type=\"section\">\n\t\t\t\t\t\t<div class=\"elementor-container elementor-column-gap-default\">\n\t\t\t\t\t\t\t<div class=\"elementor-row\">\n\t\t\t\t\t<div class=\"elementor-column elementor-col-100 elementor-top-column elementor-element elementor-element-90c4cef\" data-id=\"90c4cef\" data-element_type=\"column\">\n\t\t\t<div class=\"elementor-column-wrap elementor-element-populated\">\n\t\t\t\t\t\t\t<div class=\"elementor-widget-wrap\">\n\t\t\t\t\t\t<div class=\"elementor-element elementor-element-c9caa48 elementor-widget elementor-widget-text-editor\" data-id=\"c9caa48\" data-element_type=\"widget\" data-widget_type=\"text-editor.default\">\n\t\t\t\t<div class=\"elementor-widget-container\">\n\t\t\t\t\t\t\t\t<div class=\"elementor-text-editor elementor-clearfix\">\n\t\t\t\t\t\t\t\t\t<\/div>\n\t\t\t\t\t\t<\/div>\n\t\t\t\t<\/div>\n\t\t\t\t<section class=\"elementor-section elementor-inner-section elementor-element elementor-element-03d899b elementor-section-boxed elementor-section-height-default elementor-section-height-default\" data-id=\"03d899b\" data-element_type=\"section\">\n\t\t\t\t\t\t<div class=\"elementor-container elementor-column-gap-default\">\n\t\t\t\t\t\t\t<div class=\"elementor-row\">\n\t\t\t\t\t<div class=\"elementor-column elementor-col-50 elementor-inner-column elementor-element elementor-element-7baac51\" data-id=\"7baac51\" data-element_type=\"column\">\n\t\t\t<div class=\"elementor-column-wrap elementor-element-populated\">\n\t\t\t\t\t\t\t<div class=\"elementor-widget-wrap\">\n\t\t\t\t\t\t<div class=\"elementor-element elementor-element-66f14ba elementor-widget elementor-widget-text-editor\" data-id=\"66f14ba\" data-element_type=\"widget\" data-widget_type=\"text-editor.default\">\n\t\t\t\t<div class=\"elementor-widget-container\">\n\t\t\t\t\t\t\t\t<div class=\"elementor-text-editor elementor-clearfix\">\n\t\t\t\t<h3 style=\"font-weight: 400; text-align: right;\"><strong>IKIGA\u00ef<\/strong><\/h3><p style=\"font-weight: 400;\">\u00a0<\/p>\t\t\t\t\t<\/div>\n\t\t\t\t\t\t<\/div>\n\t\t\t\t<\/div>\n\t\t\t\t\t\t<\/div>\n\t\t\t\t\t<\/div>\n\t\t<\/div>\n\t\t\t\t<div class=\"elementor-column elementor-col-50 elementor-inner-column elementor-element elementor-element-a1d0af1\" data-id=\"a1d0af1\" data-element_type=\"column\">\n\t\t\t<div class=\"elementor-column-wrap elementor-element-populated\">\n\t\t\t\t\t\t\t<div class=\"elementor-widget-wrap\">\n\t\t\t\t\t\t<div class=\"elementor-element elementor-element-b1f0f71 elementor-widget elementor-widget-text-editor\" data-id=\"b1f0f71\" data-element_type=\"widget\" data-widget_type=\"text-editor.default\">\n\t\t\t\t<div class=\"elementor-widget-container\">\n\t\t\t\t\t\t\t\t<div class=\"elementor-text-editor elementor-clearfix\">\n\t\t\t\t<h3 style=\"text-align: left;\"><span style=\"color: #993300;\">\u751f\u304d\u7532\u6590<\/span><\/h3>\t\t\t\t\t<\/div>\n\t\t\t\t\t\t<\/div>\n\t\t\t\t<\/div>\n\t\t\t\t\t\t<\/div>\n\t\t\t\t\t<\/div>\n\t\t<\/div>\n\t\t\t\t\t\t\t\t<\/div>\n\t\t\t\t\t<\/div>\n\t\t<\/section>\n\t\t\t\t<div class=\"elementor-element elementor-element-bac22b1 elementor-widget elementor-widget-heading\" data-id=\"bac22b1\" data-element_type=\"widget\" data-widget_type=\"heading.default\">\n\t\t\t\t<div class=\"elementor-widget-container\">\n\t\t\t<h2 class=\"elementor-heading-title elementor-size-large\">L\u2019ikiga\u00ef\u00a0est fait pour vous si vous vous reconnaissez dans un de ces cas\u00a0:<\/h2>\t\t<\/div>\n\t\t\t\t<\/div>\n\t\t\t\t<section class=\"elementor-section elementor-inner-section elementor-element elementor-element-c72ca9f elementor-section-boxed elementor-section-height-default elementor-section-height-default\" data-id=\"c72ca9f\" data-element_type=\"section\">\n\t\t\t\t\t\t<div class=\"elementor-container elementor-column-gap-default\">\n\t\t\t\t\t\t\t<div class=\"elementor-row\">\n\t\t\t\t\t<div class=\"elementor-column elementor-col-50 elementor-inner-column elementor-element elementor-element-9790611\" data-id=\"9790611\" data-element_type=\"column\">\n\t\t\t<div class=\"elementor-column-wrap elementor-element-populated\">\n\t\t\t\t\t\t\t<div class=\"elementor-widget-wrap\">\n\t\t\t\t\t\t<div class=\"elementor-element elementor-element-bf58543 elementor-widget elementor-widget-image\" data-id=\"bf58543\" data-element_type=\"widget\" data-widget_type=\"image.default\">\n\t\t\t\t<div class=\"elementor-widget-container\">\n\t\t\t\t\t\t\t\t<div class=\"elementor-image\">\n\t\t\t\t\t\t\t\t\t\t\t\t<img loading=\"lazy\" decoding=\"async\" width=\"300\" height=\"300\" src=\"https:\/\/caroline-pietralunga.fr\/wp-content\/uploads\/2023\/11\/Image-ikigai-300x300.png\" class=\"attachment-medium size-medium\" alt=\"Donnez du sens \u00e0 votre vie\" srcset=\"https:\/\/caroline-pietralunga.fr\/wp-content\/uploads\/2023\/11\/Image-ikigai-300x300.png 300w, https:\/\/caroline-pietralunga.fr\/wp-content\/uploads\/2023\/11\/Image-ikigai-150x150.png 150w, https:\/\/caroline-pietralunga.fr\/wp-content\/uploads\/2023\/11\/Image-ikigai.png 756w\" sizes=\"auto, (max-width: 300px) 100vw, 300px\" \/>\t\t\t\t\t\t\t\t\t\t\t\t\t\t<\/div>\n\t\t\t\t\t\t<\/div>\n\t\t\t\t<\/div>\n\t\t\t\t\t\t<\/div>\n\t\t\t\t\t<\/div>\n\t\t<\/div>\n\t\t\t\t<div class=\"elementor-column elementor-col-50 elementor-inner-column elementor-element elementor-element-1bbc273\" data-id=\"1bbc273\" data-element_type=\"column\">\n\t\t\t<div class=\"elementor-column-wrap elementor-element-populated\">\n\t\t\t\t\t\t\t<div class=\"elementor-widget-wrap\">\n\t\t\t\t\t\t<div class=\"elementor-element elementor-element-235890c elementor-widget elementor-widget-text-editor\" data-id=\"235890c\" data-element_type=\"widget\" data-widget_type=\"text-editor.default\">\n\t\t\t\t<div class=\"elementor-widget-container\">\n\t\t\t\t\t\t\t\t<div class=\"elementor-text-editor elementor-clearfix\">\n\t\t\t\t<ul><li style=\"text-align: left;\">Manque de clart\u00e9 dans la vie personnelle ou professionnelle<\/li><li style=\"text-align: left;\">Besoin de faire un bilan sur soi<\/li><li style=\"text-align: left;\">Sentiment d\u2019avoir perdu \u00ab la flamme \u00bb<\/li><li style=\"text-align: left;\">Pour le passage en retraite<\/li><li style=\"text-align: left;\">Pour les moments de doutes et de \u00ab crises de vie \u00bb<\/li><li style=\"text-align: left;\">Pour mieux se conna\u00eetre<\/li><li style=\"text-align: left;\">A tous les \u00e2ges de la vie o\u00f9 il faut faire un choix<\/li><li style=\"text-align: left;\">Pour renforcer la confiance en soi<\/li><\/ul>\t\t\t\t\t<\/div>\n\t\t\t\t\t\t<\/div>\n\t\t\t\t<\/div>\n\t\t\t\t\t\t<\/div>\n\t\t\t\t\t<\/div>\n\t\t<\/div>\n\t\t\t\t\t\t\t\t<\/div>\n\t\t\t\t\t<\/div>\n\t\t<\/section>\n\t\t\t\t<div class=\"elementor-element elementor-element-cdc198d elementor-widget elementor-widget-heading\" data-id=\"cdc198d\" data-element_type=\"widget\" data-widget_type=\"heading.default\">\n\t\t\t\t<div class=\"elementor-widget-container\">\n\t\t\t<h2 class=\"elementor-heading-title elementor-size-large\">Qu\u2019est-ce que l\u2019ikiga\u00ef ?<\/h2>\t\t<\/div>\n\t\t\t\t<\/div>\n\t\t\t\t<div class=\"elementor-element elementor-element-7a3503b elementor-widget elementor-widget-text-editor\" data-id=\"7a3503b\" data-element_type=\"widget\" data-widget_type=\"text-editor.default\">\n\t\t\t\t<div class=\"elementor-widget-container\">\n\t\t\t\t\t\t\t\t<div class=\"elementor-text-editor elementor-clearfix\">\n\t\t\t\t<p style=\"font-weight: 400; text-align: left;\"><span style=\"color: #ff9900;\"><strong>L\u2019ikiga\u00ef<\/strong><\/span> est une philosophie japonaise ancestrale. En japonais, \u00ab\u00a0Ikiga\u00ef\u00a0\u00bb signifie \u00ab <span style=\"color: #33cccc;\"><strong>joie de vivre<\/strong><\/span> \u00bb ou encore \u00ab <span style=\"color: #33cccc;\"><strong>raison d&rsquo;\u00eatre<\/strong><\/span> \u00bb\u00a0mais les japonais le r\u00e9sument en une phrase \u00ab <span style=\"text-decoration: underline;\"><span style=\"color: #ff9900; text-decoration: underline;\">ma raison de me lever tous les matins<\/span><\/span> \u00bb.<\/p><p style=\"font-weight: 400; text-align: center;\"><span style=\"color: #ff6600;\"><strong>C&rsquo;est notre raison d&rsquo;\u00eatre, notre mission de vie !<\/strong><\/span><\/p>\t\t\t\t\t<\/div>\n\t\t\t\t\t\t<\/div>\n\t\t\t\t<\/div>\n\t\t\t\t<section class=\"elementor-section elementor-inner-section elementor-element elementor-element-bd89e33 elementor-section-boxed elementor-section-height-default elementor-section-height-default\" data-id=\"bd89e33\" data-element_type=\"section\">\n\t\t\t\t\t\t<div class=\"elementor-container elementor-column-gap-default\">\n\t\t\t\t\t\t\t<div class=\"elementor-row\">\n\t\t\t\t\t<div class=\"elementor-column elementor-col-50 elementor-inner-column elementor-element elementor-element-4bd834d\" data-id=\"4bd834d\" data-element_type=\"column\">\n\t\t\t<div class=\"elementor-column-wrap elementor-element-populated\">\n\t\t\t\t\t\t\t<div class=\"elementor-widget-wrap\">\n\t\t\t\t\t\t<div class=\"elementor-element elementor-element-597fd61 elementor-widget elementor-widget-text-editor\" data-id=\"597fd61\" data-element_type=\"widget\" data-widget_type=\"text-editor.default\">\n\t\t\t\t<div class=\"elementor-widget-container\">\n\t\t\t\t\t\t\t\t<div class=\"elementor-text-editor elementor-clearfix\">\n\t\t\t\t<p style=\"font-weight: 400; text-align: left;\">Alors,<\/p><p style=\"font-weight: 400; text-align: left;\">\u00a0 \u00a0 \u00a0 <strong>\u00a0Redonner du sens \u00e0 son quotidien, <\/strong><\/p><p style=\"font-weight: 400; text-align: left;\">\u00a0 \u00a0 \u00a0 \u00a0 \u00a0 \u00a0 \u00a0 <strong>Etre fid\u00e8le \u00e0 ses valeurs, <\/strong><\/p><p style=\"font-weight: 400; text-align: left;\">\u00a0 \u00a0 \u00a0 \u00a0 \u00a0 \u00a0 \u00a0 \u00a0 \u00a0 \u00a0 \u00a0<strong> Prendre du plaisir \u00e0 travailler, <\/strong><\/p><p style=\"font-weight: 400; text-align: left;\">\u00a0 \u00a0 \u00a0 \u00a0 \u00a0 \u00a0 \u00a0 \u00a0 \u00a0 \u00a0 \u00a0 \u00a0 \u00a0 \u00a0 \u00a0 <strong>\u00a0Savoir pourquoi on se l\u00e8ve le matin : c&rsquo;est possible !<\/strong><\/p>\t\t\t\t\t<\/div>\n\t\t\t\t\t\t<\/div>\n\t\t\t\t<\/div>\n\t\t\t\t\t\t<\/div>\n\t\t\t\t\t<\/div>\n\t\t<\/div>\n\t\t\t\t<div class=\"elementor-column elementor-col-50 elementor-inner-column elementor-element elementor-element-77ae941\" data-id=\"77ae941\" data-element_type=\"column\">\n\t\t\t<div class=\"elementor-column-wrap elementor-element-populated\">\n\t\t\t\t\t\t\t<div class=\"elementor-widget-wrap\">\n\t\t\t\t\t\t<div class=\"elementor-element elementor-element-b012db2 elementor-widget elementor-widget-image\" data-id=\"b012db2\" data-element_type=\"widget\" data-widget_type=\"image.default\">\n\t\t\t\t<div class=\"elementor-widget-container\">\n\t\t\t\t\t\t\t\t<div class=\"elementor-image\">\n\t\t\t\t\t\t\t\t\t\t\t\t<img loading=\"lazy\" decoding=\"async\" width=\"300\" height=\"288\" src=\"https:\/\/caroline-pietralunga.fr\/wp-content\/uploads\/2023\/11\/Cercles-Ikigai-300x288.png\" class=\"attachment-medium size-medium\" alt=\"Donner du sens \u00e0 votre vie\" srcset=\"https:\/\/caroline-pietralunga.fr\/wp-content\/uploads\/2023\/11\/Cercles-Ikigai-300x288.png 300w, https:\/\/caroline-pietralunga.fr\/wp-content\/uploads\/2023\/11\/Cercles-Ikigai.png 642w\" sizes=\"auto, (max-width: 300px) 100vw, 300px\" \/>\t\t\t\t\t\t\t\t\t\t\t\t\t\t<\/div>\n\t\t\t\t\t\t<\/div>\n\t\t\t\t<\/div>\n\t\t\t\t\t\t<\/div>\n\t\t\t\t\t<\/div>\n\t\t<\/div>\n\t\t\t\t\t\t\t\t<\/div>\n\t\t\t\t\t<\/div>\n\t\t<\/section>\n\t\t\t\t<div class=\"elementor-element elementor-element-47018ad elementor-widget elementor-widget-heading\" data-id=\"47018ad\" data-element_type=\"widget\" data-widget_type=\"heading.default\">\n\t\t\t\t<div class=\"elementor-widget-container\">\n\t\t\t<h2 class=\"elementor-heading-title elementor-size-large\">Comment se passe un accompagnement Ikiga\u00ef ?<\/h2>\t\t<\/div>\n\t\t\t\t<\/div>\n\t\t\t\t<div class=\"elementor-element elementor-element-26de785 elementor-widget elementor-widget-text-editor\" data-id=\"26de785\" data-element_type=\"widget\" data-widget_type=\"text-editor.default\">\n\t\t\t\t<div class=\"elementor-widget-container\">\n\t\t\t\t\t\t\t\t<div class=\"elementor-text-editor elementor-clearfix\">\n\t\t\t\t<p style=\"font-weight: 400;\">Un accompagnement <span style=\"color: #ff9900;\"><strong>Ikiga\u00ef<\/strong><\/span> se d\u00e9roule en <strong><span style=\"color: #0000ff;\">5 s\u00e9ances d\u20191h30<\/span><\/strong>, \u00e0 raison d\u2019une s\u00e9ance toutes les 3 semaines environ, qui peuvent se tenir \u00e0 mon cabinet \u00e0 Massy ou en visio si cela est plus simple pour vous.<\/p><p style=\"font-weight: 400;\"><span style=\"text-decoration: underline;\"><strong>Le tarif de chaque s\u00e9ance est de 90\u20ac.<\/strong><\/span><\/p><p style=\"font-weight: 400; text-align: center;\">A travers de ces 5 s\u00e9ances de coaching Ikiga\u00ef, vous serez guid\u00e9 pour :\u00a0<br \/>&#8211; <span style=\"color: #ff9900;\"><strong>vous reconnecter \u00e0 ce qui vous rend heureux,<\/strong><\/span><br \/><span style=\"color: #ff9900;\"><strong>&#8211; faire votre bilan introspectif,<\/strong><\/span><br \/><span style=\"color: #ff9900;\"><strong>&#8211; \u00eatre en phase avec vous-m\u00eame et vos besoins,<\/strong><\/span><br \/><span style=\"color: #ff9900;\"><strong>&#8211; trouver votre raison d&rsquo;\u00eatre.<\/strong><\/span><\/p>\t\t\t\t\t<\/div>\n\t\t\t\t\t\t<\/div>\n\t\t\t\t<\/div>\n\t\t\t\t\t\t<\/div>\n\t\t\t\t\t<\/div>\n\t\t<\/div>\n\t\t\t\t\t\t\t\t<\/div>\n\t\t\t\t\t<\/div>\n\t\t<\/section>\n\t\t\t\t\t\t\t\t\t<\/div>\n\t\t\t<\/div>\n\t\t\t\t\t<\/div>\n\t\t","protected":false},"excerpt":{"rendered":"<p>Coaching Ikiga\u00ef IKIGA\u00ef \u00a0 \u751f\u304d\u7532\u6590 L\u2019ikiga\u00ef\u00a0est fait pour vous si vous vous reconnaissez dans un de ces cas\u00a0: Manque de clart\u00e9 dans la vie personnelle ou professionnelle Besoin de faire un bilan sur soi Sentiment d\u2019avoir perdu \u00ab la flamme \u00bb Pour le passage en retraite Pour les moments de doutes et de \u00ab crises &hellip;<\/p>\n<p class=\"read-more\"> <a class=\"\" href=\"https:\/\/caroline-pietralunga.fr\/index.php\/coaching-ikigai\/\"> <span class=\"screen-reader-text\">Coaching Ikiga\u00ef<\/span> Lire la suite\u00a0\u00bb<\/a><\/p>\n","protected":false},"author":1,"featured_media":0,"parent":0,"menu_order":0,"comment_status":"closed","ping_status":"closed","template":"","meta":{"footnotes":""},"class_list":["post-1484","page","type-page","status-publish","hentry"],"_links":{"self":[{"href":"https:\/\/caroline-pietralunga.fr\/index.php\/wp-json\/wp\/v2\/pages\/1484","targetHints":{"allow":["GET"]}}],"collection":[{"href":"https:\/\/caroline-pietralunga.fr\/index.php\/wp-json\/wp\/v2\/pages"}],"about":[{"href":"https:\/\/caroline-pietralunga.fr\/index.php\/wp-json\/wp\/v2\/types\/page"}],"author":[{"embeddable":true,"href":"https:\/\/caroline-pietralunga.fr\/index.php\/wp-json\/wp\/v2\/users\/1"}],"replies":[{"embeddable":true,"href":"https:\/\/caroline-pietralunga.fr\/index.php\/wp-json\/wp\/v2\/comments?post=1484"}],"version-history":[{"count":10,"href":"https:\/\/caroline-pietralunga.fr\/index.php\/wp-json\/wp\/v2\/pages\/1484\/revisions"}],"predecessor-version":[{"id":1499,"href":"https:\/\/caroline-pietralunga.fr\/index.php\/wp-json\/wp\/v2\/pages\/1484\/revisions\/1499"}],"wp:attachment":[{"href":"https:\/\/caroline-pietralunga.fr\/index.php\/wp-json\/wp\/v2\/media?parent=1484"}],"curies":[{"name":"wp","href":"https:\/\/api.w.org\/{rel}","templated":true}]}}